 10463
List the prime factors of 33534983.
149, 225067
List the prime factors of 92385957.
3, 30795319
What are the prime factors of 315088483?
315088483
List the prime factors of 135066690.
2, 3, 5, 11, 31, 163
What are the prime factors of 310288414?
2, 9613, 16139
List the prime factors of 153174833.
7, 47, 227, 293
List the prime factors of 525338103.
3, 29, 739, 8171
What are the prime factors of 2301113647?
7, 937, 50119
What are the prime factors of 1617337529?
23, 70319023
List the prime factors of 427715635.
5, 29, 2949763
What are the prime factors of 154709533?
11, 19, 740237
What are the prime factors of 78866510?
2, 5, 1429, 5519
What are the prime factors of 36113204?
2, 389, 23209
What are the prime factors of 4158706843?
23, 1217, 148573
List the prime factors of 327959881.
31, 293, 36107
What are the prime factors of 51864269?
37, 1401737
What are the prime factors of 690855233?
690855233
List the prime factors of 371161543.
31, 11972953
What are the prime factors of 23180223?
3, 11, 702431
List the prime factors of 220337485.
5, 41, 193, 5569
What are the prime factors of 209650540?
2, 5, 11, 952957
List the prime factors of 8808903991.
17, 8713, 59471
List the prime factors of 307781125.
5, 677, 3637
What are the prime factors of 66552574?
2, 11, 67, 163, 277
List the prime factors of 20036416.
2, 31, 10099
List the prime factors of 1853258404.
2, 19, 107, 349, 653
List the prime factors of 46434565.
5, 17, 546289
List the prime factors of 2130466565.
5, 9521, 44753
List the prime factors of 125087527.
29, 179, 24097
What are the prime factors of 12539565?
3, 5, 59, 4723
List the prime factors of 3361034508.
2, 3, 13, 31, 695003
What are the prime factors of 832530204?
2, 3, 11, 193, 3631
List the prime factors of 302913424.
2, 11, 149, 11551
What are the prime factors of 20405264?
2, 11, 269, 431
List the prime factors of 75300513.
3, 37, 678383
List the prime factors of 3272392259.
179, 18281521
List the prime factors of 83365036.
2, 20841259
List the prime factors of 8380017795.
3, 5, 2801, 199453
List the prime factors of 30986286.
2, 3, 5164381
List the prime factors of 44972882.
2, 22486441
List the prime factors of 365440332.
2, 3, 4783, 6367
What are the prime factors of 291110518?
2, 10267, 14177
List the prime factors of 4314681507.
3, 1438227169
What are the prime factors of 2617338854?
2, 13, 2287, 44017
What are the prime factors of 8139811043?
7, 13, 47, 1903159
What are the prime factors of 137930370?
2, 3, 5, 4597679
List the prime factors of 3748836266.
2, 7, 83, 157, 20549
What are the prime factors of 94200612?
2, 3, 11, 647, 1103
List the prime factors of 272865232.
2, 17, 19, 37, 1427
What are the prime factors of 31375831?
1483, 21157
List the prime factors of 818581351.
7, 19, 97, 107, 593
List the prime factors of 978312616.
2, 79, 137, 11299
What are the prime factors of 4848668?
2, 11, 263, 419
What are the prime factors of 32501595?
3, 5, 7, 309539
What are the prime factors of 187872757?
53, 67, 191, 277
What are the prime factors of 225163231?
3823, 58897
List the prime factors of 82014327.
3, 2207, 4129
What are the prime factors of 292352376?
2, 3, 1627, 7487
List the prime factors of 378018134.
2, 13, 14539159
List the prime factors of 49615754.
2, 24807877
What are the prime factors of 2570004901?
14389, 178609
List the prime factors of 1905095783.
701, 2717683
List the prime factors of 144741162.
2, 3, 17, 23, 103, 599
What are the prime factors of 9575433?
3, 7, 21713
What are the prime factors of 1146422095?
5, 7, 13, 19, 132611
What are the prime factors of 1036786659?
3, 71, 4867543
List the prime factors of 3086499371.
3086499371
List the prime factors of 34631455.
5, 6926291
List the prime factors of 781340682.
2, 3, 23, 383, 14783
List the prime factors of 1149007141.
1747, 657703
List the prime factors of 982276028.
2, 73, 3363959
What are the prime factors of 1376293151?
47, 727, 857
What are the prime factors of 39272517?
3, 4363613
List the prime factors of 65902661.
11, 37, 161923
What are the prime factors of 555960250?
2, 5, 2223841
List the prime factors of 201753291.
3, 43, 61, 25639
List the prime factors of 2311007566.
2, 7, 43, 3838883
List the prime factors of 23732687.
11, 2157517
What are the prime factors of 99174273?
3, 11, 3005281
What are the prime factors of 627122081?
47, 13343023
List the prime factors of 2480368270.
2, 5, 4127, 60101
What are the prime factors of 64459977?
3, 71, 302629
What are the prime factors of 7622686?
2, 19, 200597
What are the prime factors of 1588582157?
181, 8776697
What are the prime factors of 4338295?
5, 13, 31, 2153
What are the prime factors of 1442608501?
499, 2890999
What are the prime factors of 6368198?
2, 3184099
What are the prime factors of 589413460?
2, 5, 17, 1733569
What are the prime factors of 39529797?
3, 13176599
What are the prime factors of 4035151087?
11, 19, 19306943
List the prime factors of 151168974.
2, 3, 11, 59, 38821
What are the prime factors of 2142610212?
2, 3, 178550851
List the prime factors of 82161969.
3, 17, 47, 151, 227
List the prime factors of 42243439.
7, 131, 6581
List the prime factors of 616641.
3, 17, 107, 113
What are the prime factors of 382796722?
2, 7, 11, 355099
What are the prime factors of 83991740?
2, 5, 7, 599941
What are the prime factors of 94925057?
79, 1201583
List the prime factors of 119348606.
2, 13, 37, 97, 1279
What are the prime factors of 1033559154?
2, 3, 57419953
List the prime factors of 453694485.
3, 5, 4153, 7283
What are the prime factors of 364208080?
2, 5, 4552601
List the prime factors of 26799933.
3, 67, 151, 883
List the prime factors of 282483965.
5, 4523, 12491
What are the prime factors of 33926569?
71, 477839
What are the prime factors of 7263613545?
3, 5, 17, 577, 49367
List the prime factors of 1272666871.
7, 181809553
List the prime factors of 86968731.
3, 28989577
List the prime factors of 160624560.
2, 3, 5, 401, 1669
List the prime factors of 26462397.
3, 13, 23, 29501
List the prime factors of 263767673.
13, 29, 699649
What are the prime factors of 22341874?
2, 11170937
List the prime factors of 431044981.
431044981
List the prime factors of 1083565856.
2, 17, 1991849
What are the prime factors of 275814949?
193, 1429093
List the prime factors of 4166923279.
179, 23278901
List the prime factors of 1216964859.
3, 11, 36877723
What are the prime factors of 3408152578?
2, 1704076289
List the prime factors of 1138806933.
3, 11, 19, 1816279
List the prime factors of 596799520.
2, 5, 3729997
List the prime factors of 3014722514.
2, 19, 83, 955841
What are the prime factors of 71207393?
317, 224629
List the prime factors of 454447851.
3, 11, 13, 139, 7621
List the prime factors of 124262372.
2, 13, 2389661
List the prime factors of 33155145.
3, 5, 37, 19913
What are the prime factors of 274187648?
2, 7, 103, 2971
List the prime factors of 356589405.
3, 5, 937, 2819
What are the prime factors of 7690150175?
5, 17, 277, 65323
List the prime factors of 62480953.
643, 97171
What are the prime factors of 43773923?
37, 1183079
What are the prime factors of 524158028?
2, 709, 184823
List the prime factors of 2520575327.
41, 61, 1007827
List the prime factors of 1037425806.
2, 3, 2134621
What are the prime factors of 351757233?
3, 59, 662443
List the prime factors of 1268704028.
2, 179, 193, 9181
What are the prime factors of 550696133?
13, 19, 41, 47, 89
List the prime factors of 83168256.
2, 3, 27073
What are the prime factors of 1382583808?
2, 107, 25237
What are the prime factors of 1460095323?
3, 486698441
List the prime factors of 352686328.
2, 44085791
What are the prime factors of 35372564?
2, 8843141
What are the prime factors of 13709724?
2, 3, 7, 163211
List the prime factors of 6420391.
6420391
List the prime factors of 288201668.
2, 31, 109, 21323
What are the prime factors of 26599898?
2, 13, 41, 24953
List the prime factors of 11217192.
2, 3, 7, 23, 2903
List the prime factors of 2277840456.
2, 3, 31636673
What are the prime factors of 1977238716?
2, 3, 164769893
What are the prime factors of 95033372?
2, 7, 3394049
List the prime factors of 6906774457.
11, 627888587
List the prime factors of 81343547.
601, 135347
List the prime factors of 80868